 factor of 6385?
False
Does 5 divide 1670?
True
Is 14 a factor of 2968?
True
Does 27 divide 1308?
False
Is 515 a multiple of 46?
False
Does 15 divide 29252?
False
Does 17 divide 1275?
True
Is 46200 a multiple of 25?
True
Is 1003 a multiple of 15?
False
Is 42 a factor of 273?
False
Is 93 a factor of 42091?
False
Is 9 a factor of 6914?
False
Is 27 a factor of 3888?
True
Is 5901 a multiple of 21?
True
Does 5 divide 3520?
True
Is 98 a multiple of 14?
True
Is 1088 a multiple of 12?
False
Is 33134 a multiple of 86?
False
Does 7 divide 261?
False
Does 16 divide 46866?
False
Does 10 divide 3769?
False
Is 1062 a multiple of 118?
True
Is 71750 a multiple of 250?
True
Does 5 divide 597?
False
Is 38412 a multiple of 291?
True
Does 35 divide 4900?
True
Is 8017 a multiple of 71?
False
Is 38 a factor of 31540?
True
Is 19 a factor of 658?
False
Does 74 divide 15688?
True
Does 16 divide 8702?
False
Is 1368 a multiple of 72?
True
Does 16 divide 5561?
False
Is 649 a multiple of 42?
False
Does 26 divide 2886?
True
Is 3531 a multiple of 32?
False
Is 20 a factor of 3309?
False
Is 48 a factor of 1632?
True
Is 21 a factor of 25914?
True
Is 22152 a multiple of 78?
True
Does 4 divide 874?
False
Is 256 a multiple of 5?
False
Is 15 a factor of 23385?
True
Is 13 a factor of 416?
True
Does 11 divide 616?
True
Is 3996 a multiple of 74?
True
Is 7709 a multiple of 146?
False
Does 9 divide 10917?
True
Does 8 divide 521?
False
Does 6 divide 31482?
True
Is 1312 a multiple of 32?
True
Does 53 divide 97?
False
Is 4 a factor of 156?
True
Does 334 divide 52104?
True
Does 11 divide 187?
True
Is 23 a factor of 6023?
False
Does 55 divide 1760?
True
Is 112 a multiple of 2?
True
Does 7 divide 13167?
True
Is 10240 a multiple of 43?
False
Does 7 divide 4160?
False
Is 9103 a multiple of 10?
False
Is 102 a factor of 2367?
False
Does 11 divide 85965?
True
Does 9 divide 214?
False
Is 2 a factor of 1187?
False
Is 3390 a multiple of 12?
False
Does 22 divide 484?
True
Is 5 a factor of 705?
True
Is 6670 a multiple of 29?
True
Does 11 divide 275?
True
Is 10 a factor of 1340?
True
Is 59 a factor of 8249?
False
Does 5 divide 336?
False
Does 12 divide 2772?
True
Does 73 divide 65481?
True
Is 42 a factor of 4410?
True
Does 24 divide 888?
True
Does 13 divide 13949?
True
Does 67 divide 670?
True
Does 9 divide 1009?
False
Is 64 a factor of 30620?
False
Is 24 a factor of 168?
True
Is 2425 a multiple of 114?
False
Does 73 divide 4891?
True
Does 8 divide 1944?
True
Is 2682 a multiple of 48?
False
Is 164 a factor of 111599?
False
Is 2 a factor of 979?
False
Is 3162 a multiple of 31?
True
Is 3056 a multiple of 9?
False
Is 21891 a multiple of 8?
False
Does 7 divide 2731?
False
Does 19 divide 418?
True
Is 42523 a multiple of 18?
False
Does 8 divide 31412?
False
Is 31928 a multiple of 307?
True
Is 38 a factor of 1036?
False
Does 88 divide 5609?
False
Is 51 a factor of 513?
False
Is 10928 a multiple of 7?
False
Does 136 divide 19312?
True
Does 21 divide 4257?
False
Does 34 divide 408?
True
Is 17936 a multiple of 16?
True
Does 8 divide 866?
False
Is 30 a factor of 1171?
False
Is 4 a factor of 64?
True
Is 76 a factor of 13680?
True
Does 47 divide 141?
True
Is 8373 a multiple of 15?
False
Is 15 a factor of 1155?
True
Does 145 divide 580?
True
Is 20590 a multiple of 129?
False
Is 10 a factor of 8000?
True
Is 13 a factor of 1755?
True
Is 2656 a multiple of 3?
False
Does 7 divide 15?
False
Is 63 a factor of 1717?
False
Is 95 a multiple of 5?
True
Is 4564 a multiple of 58?
False
Is 51 a factor of 2738?
False
Is 93 a factor of 6138?
True
Does 10 divide 4869?
False
Is 24970 a multiple of 33?
False
Is 3490 a multiple of 15?
False
Is 45 a factor of 364?
False
Is 3903 a multiple of 7?
False
Is 74 a factor of 3256?
True
Is 198 a multiple of 22?
True
Is 80 a factor of 1758?
False
Is 1036 a multiple of 37?
True
Does 20 divide 520?
True
Does 8 divide 20456?
True
Is 12720 a multiple of 106?
True
Is 327 a multiple of 12?
False
Is 101 a factor of 5182?
False
Is 27 a factor of 1682?
False
Is 70 a factor of 53991?
False
Is 45169 a multiple of 293?
False
Is 85 a factor of 199?
False
Does 57 divide 3249?
True
Is 21 a factor of 23919?
True
Is 1275 a multiple of 17?
True
Is 47 a factor of 14551?
False
Is 121 a multiple of 52?
False
Does 5 divide 7100?
True
Is 3344 a multiple of 76?
True
Is 204 a multiple of 34?
True
Does 10 divide 207?
False
Is 6699 a multiple of 77?
True
Does 38 divide 266?
True
Is 20 a factor of 10379?
False
Is 331 a multiple of 4?
False
Does 80 divide 3360?
True
Does 194 divide 68868?
False
Is 229 a multiple of 5?
False
Is 691 a multiple of 9?
False
Does 45 divide 810?
True
Does 104 divide 14656?
False
Is 14509 a multiple of 20?
False
Does 20 divide 8115?
False
Does 53 divide 1336?
False
Is 43 a factor of 5160?
True
Is 95035 a multiple of 207?
False
Is 270 a factor of 24071?
False
Is 17 a factor of 71918?
False
Does 16 divide 880?
True
Is 80 a factor of 811?
False
Does 8 divide 5944?
True
Is 16 a factor of 8672?
True
Is 54 a factor of 163?
False
Is 20 a factor of 91038?
False
Is 13 a factor of 6759?
False
Does 3 divide 2625?
True
Does 8 divide 383?
False
Is 3452 a multiple of 77?
False
Is 118 a factor of 2665?
False
Is 58 a factor of 1798?
True
Does 189 divide 39432?
False
Is 44755 a multiple of 33?
False
Is 59450 a multiple of 29?
True
Does 62 divide 11661?
False
Is 49 a factor of 10976?
True
Is 32 a factor of 704?
True
Is 378 a multiple of 54?
True
Is 5 a factor of 653?
False
Is 35524 a multiple of 11?
False
Is 4441 a multiple of 37?
False
Is 135 a factor of 6480?
True
Is 95 a factor of 20425?
True
Is 25 a factor of 1425?
True
Does 22 divide 220?
True
Does 15 divide 838?
False
Is 781 a multiple of 2?
False
Is 144 a multiple of 16?
True
Is 16 a factor of 17524?
False
Does 33 divide 46915?
False
Is 10 a factor of 170?
True
Does 5 divide 247?
False
Is 3405 a multiple of 15?
True
Is 75 a factor of 2076?
False
Is 24 a factor of 936?
True
Is 34 a factor of 340?
True
Is 20 a factor of 16020?
True
Is 12960 a multiple of 36?
True
Is 3 a factor of 11?
False
Is 8 a factor of 128?
True
Does 39 divide 1950?
True
Does 14 divide 196?
True
Does 3 divide 15515?
False
Does 81 divide 15590?
False
Is 2018 a multiple of 16?
False
Is 1233 a multiple of 16?
False
Does 68 divide 1360?
True
Does 3 divide 834?
True
Is 6 a factor of 102?
True
Is 630 a multiple of 9?
True
Is 37672 a multiple of 34?
True
Does 32 divide 10368?
True
Is 1437 a multiple of 13?
False
Is 11 a factor of 1287?
True
Is 1375 a multiple of 4?
False
Is 2536 a multiple of 23?
False
Does 20 divide 2940?
True
Is 25 a factor of 964?
False
Is 97 a multiple of 17?
False
Is 3 a factor of 2169?
True
Is 42 a factor of 451?
False
Is 172 a multiple of 43?
True
Is 3527 a multiple of 75?
False
Is 16 a factor of 385?
False
Is 15997 a multiple of 17?
True
Is 9225 a multiple of 45?
True
Is 30 a factor of 4740?
True
Is 45 a factor of 1534?
False
Is 127 a factor of 18041?
False
Is 78 a factor of 14820?
True
Is 50 a factor of 22200?
True
Is 92691 a multiple of 22?
False
Is 1486 a multiple of 52?
False
Does 21 divide 27518?
False
Is 39 a factor of 11544?
True
Is 864 a multiple of 13?
False
Is 60 a factor of 20640?
True
Does 8 divide 512?
True
Is 123 a factor of 1204?
False
Is 7 a multiple of 7?
True
Is 82057 a multiple of 66?
False
Is 3 a factor of 309?
True
Is 1290 a multiple of 129?
True
Is 26283 a multiple of 42?
False
Does 9 divide 619?
False
Is 11475 a multiple of 15?
True
Does 22 divide 2244?
True
Does 30 divide 12674?
False
Is 388 a multiple of 5?
False
Is 419 a multiple of 25?
False
Does 64 divide 4288?
True
Does 2 divide 1901?
False
Is 97736 a multiple of 8?
True
Does 17 divide 36515?
False
Is 42 a factor of 634?
False
Does 46 divide 5244?
True
Is 80 a factor of 14449?
False
Does 17 divide 1634?
False
Does 25 divide 1925?
True
Is 140 a factor of 27341?
False
Is 20648 a multiple of 58?
True
Does 7 divide 3692?
False
Is 17928 a multiple of 72?
True
Is 42532 a multiple of 357?
False
Is 243 a multiple of 8?
False
Does 23 divide 7037?
False
Does 13 divide 1099?
False
Is 33 a factor of 1947?
True
Does 62 divide 25597?
False
Does 5 divide 4039?
False
Is 1140 a multiple of 12?
True
Is 3780 a multiple of 42?
True
Does 27 divide 11616?
False
Is 468 a multiple of 7?
False
Is 29 a factor of 